v - 19. Calculate a(6).
0
Let m(x) = 2 + 7406*x - 3713*x + x**2 - 3731*x + 0. Give m(38).
2
Let w be (-3 - 214/6)/((-2)/(-6)). Let c = 113 + w. Let d(k) = 11*k - 2. Let j(y) = -y. Let z(q) = -d(q) - 5*j(q). Calculate z(c).
20
Let q = -14839 + 14864. Let d(w) = 5*w - 133. Calculate d(q).
-8
Let s(j) be the first derivative of -j**2/2 - 23*j + 3098. Determine s(-3).
-20
Let y(q) = -25*q - 50*q + 1264*q**2 + 31 - 1257*q**2 + 16. What is y(10)?
-3
Let g = 6835 - 6831. Let l(a) be the second derivative of a**2 + 6*a - 5/6*a**g + 0 + 3/2*a**3 + 1/20*a**5. Calculate l(9).
2
Suppose -10*l - 81 = -61. Let j(b) = 5*b. Let t(y) be the first derivative of -y**2 - 3. Let m(v) = -3*j(v) - 10*t(v). Give m(l).
-10
Let x(k) = -k**3 - 10*k**2 - k - 40. Let g be x(-11). Suppose 14*c + g = -6. Let p(b) = -9 - 3 + 3 - 3*b. Calculate p(c).
12
Let r(n) be the third derivative of -n**6/120 - 11*n**5/20 + n**4/24 + 13*n**3/3 - 1391*n**2. Determine r(-33).
-7
Let c(m) = m**2 - 12*m + 45. Suppose 406*s + 360 = 466*s. Determine c(s).
9
Let w(h) be the first derivative of h**4/12 + 5*h**3/6 - 4*h**2 - 2*h + 168. Let f(o) be the second derivative of w(o). Calculate f(4).
13
Let o(j) = 12*j - 161 + 154 - 10*j + 19*j. Determine o(3).
56
Let w(b) be the second derivative of -b**5/20 + 3*b**4/4 - 5*b**3/3 - 9*b**2/2 + 301*b - 4. What is w(8)?
-25
Let i(u) = -6 + 2*u - 4*u + 4 + 6*u. Let x(d) = d**3 + 13*d**2 + 3. Suppose 91 = -s - 6*s. Let f be x(s). Give i(f).
10
Let r(x) = -x - 1. Let n(b) = -12*b - 6. Let t(z) = -n(z) + 15*r(z). Let w be 22/(-6) + -9 + 11/((-264)/(-208)). Calculate t(w).
3
Let b(t) = -3*t - 47. Let v(h) = -9*h - 141. Let p(q) = 7*b(q) - 2*v(q). Let a be p(-17). Let s(m) = -2 + 0 + 2 - 2 - a*m + m**3. Give s(-3).
-17
Let d(x) be the second derivative of -x**4/12 - 7*x**3/3 + 21*x**2/2 + x. Let z = 16353 - 16368. Give d(z).
6
Let h(m) = 60*m - 416. Let q(s) = -31*s + 208. Let w(b) = -2*h(b) - 5*q(b). Give w(6).
2
Suppose 5*d - 9*d = -4*w + 16, 5*d = 2*w - 17. Let x(t) = t**3 - 9*t**2 - 3*t - 9. Let n(f) = -2*f**2 - 1. Let g(u) = w*x(u) - 5*n(u). What is g(3)?
23
Let m be 4214/168 - 19 - 6. Let p(u) be the second derivative of 0*u**3 + 0 + 2*u - m*u**4 + 5/2*u**2. Calculate p(0).
5
Let j(p) = p**2 - p + 2. Let u(c) be the third derivative of 0*c**4 + 0 + 10*c**2 + 1/60*c**5 - c + 0*c**3. Let d(y) = -j(y) + 2*u(y). Give d(2).
4
Suppose 0 = -2*c - 2*z, 10 = -3*c - 4*z + 3*z. Let d(v) = 13*v + 29. Give d(c).
-36
Let n(u) = u**3 - 5*u**2 + 2*u + 2. Let g = 45 + -43. Suppose g*c = 5*c - 3, 5*s + 5*c = 145. Suppose 9*z - 8 = s. Give n(z).
-6
Let i(x) be the second derivative of x**3/6 - 10*x**2 - 29*x + 4. Give i(-10).
-30
Let s(g) = 13*g**2 - 2*g - 1. Suppose -52*h - 17 = -53*h. Let v be h/(-34)*(4 + -2). Give s(v).
14
Let x(k) = 79*k**3 - k**2 + 2*k - 1. Suppose -3*q + 2*v + 15 = 0, -99 = q + v - 94. Give x(q).
79
Suppose 102*z + 235 = 643. Let i(q) = -5*q - 7. Give i(z).
-27
Suppose 0 = 8*c + 3*c + 231. Let q be (c/(-12))/(7/28). Let w(k) = q*k**2 - 5*k + 4 + 4*k + 0*k - 8*k**2. Determine w(0).
4
Let k(i) = -i**2 + 9*i + 68. Let o be 6/11 + -8 + (-480)/(-330). What is k(o)?
-22
Let v(y) = 7*y**3 - y**2 - y - 1. Let z(l) = l**3 + 8*l**2 - 10*l - 10. Suppose 0 = 6*s - 6 - 18. Suppose s*m + 11 = -25. Let c be z(m). Calculate v(c).
-8
Suppose 5*r + 2*a - 8 = 0, -199*r - 2*a + 8 = -195*r. Let n(h) = -4 + 5 - h + 8. Give n(r).
9
Let k(m) = 13 + m + 0*m - 21 + 30. Let l(i) = -i**3 + 6*i**2 + i - 6. Let q be l(6). Give k(q).
22
Let p(m) = -20*m**2 + 11*m**2 + 3*m + 10*m**2 + 4 - 7*m**2 + 5*m**2. Determine p(-4).
-24
Let i = -21767 + 21774. Let y(v) = 2*v**3 - 14*v**2 - 12. Calculate y(i).
-12
Suppose z + 4*z = -20, 2*d = z + 24. Let l(h) = -h + 0*h**3 + 5*h**2 + 8 + 3 + h**3 - d. Give l(-5).
6
Let d be 6*3/36*-10. Let z(b) be the second derivative of -3/2*b**2 + 1/6*b**3 + 0 - 3*b. Calculate z(d).
-8
Let m(o) = o**3 + 12*o**2 + 9*o - 27. Suppose -2*n + 9*f - 11*f - 12 = 0, -4*n - 5*f - 19 = 0. What is m(n)?
-5
Suppose 2*h - 4*l = -16, 0 = 4*h + 2*l - 5*l + 22. Let t(o) = -o**2 + 22*o - 10. Let v be t(17). Let m(k) = -v*k + 152*k - 78*k - 3. Determine m(h).
1
Let o(y) = -6*y**2 + 87*y + 5. Let p(t) = 7*t**2 - 105*t - 6. Let w(a) = 6*o(a) + 5*p(a). Calculate w(-3).
0
Let p(q) = -q**3 + 2*q**2 - 2. Suppose -4*f = 52*f - 112. What is p(f)?
-2
Let y be (1/2)/(228/(-2280)). Let n(t) = t**3 + 10*t**2 + t - 10. What is n(y)?
110
Let x = 6133 - 6132. Let i(c) be the second derivative of 1/20*c**5 - x + c + 2/3*c**3 - 1/3*c**4 - c**2. Calculate i(3).
1
Let r(m) = -351*m - 1 + 183*m - 16 + 185*m. What is r(5)?
68
Let m be 4/(-2)*41/(615/30). Let l(a) = a**3 + 9*a**2 + 30*a - 3. Determine l(m).
-43
Suppose -364 = 5*s - s. Let c = -88 - s. Let k(v) = 8*v + c*v - 5*v - 1. Give k(-1).
-7
Let n(w) = -546 + 26*w + 63*w - 80*w + 40*w. Determine n(11).
-7
Let i(t) be the second derivative of 7*t**3/3 + 7*t**2 + 5*t + 206. Give i(9).
140
Let j = 135 - 40. Let q = j + -97. Let y(z) = z**3 + 2*z**2 + 2*z + 2. Calculate y(q).
-2
Let g(j) = -5*j**2 + 2*j - 1. Let l be g(1). Let v(n) = -15*n - 1377. Let b(m) = -4*m - 392. Let x(o) = 7*b(o) - 2*v(o). Determine x(l).
2
Let v(z) = 52 - 15*z - 84 - 118 - 2*z + 7*z. Give v(-15).
0
Let p(h) = 12*h + 11. Let w(d) = -246*d - 1236. Let b be w(-5). Give p(b).
-61
Let v = 38 + -33. Suppose 0*s = -4*s, -v*s = -n + 2. Suppose -3*k - n = 4*z, 0*k - 2*z + 4 = -k. Let b(j) = 5*j + 3. Calculate b(k).
-7
Let m(u) = -4*u + 14. Suppose 2*p + 5*j = -13, -29*j - 44 = 5*p - 28*j. What is m(p)?
50
Let k(y) = -y**3 + 8*y**2 - 565 + 576 + 51*y - 2*y**2 + 3*y**2. Let s be k(13). Let r(n) = n**3 + 2*n. What is r(s)?
-12
Let g(i) = 7*i**2 + 2*i + 23. Let m(f) = 2*f**2 - f + 6. Let u(x) = g(x) - 4*m(x). Calculate u(6).
-1
Let z(t) be the third derivative of 249*t**2 + 0*t + 0 - 1/6*t**4 - 1/2*t**3. Calculate z(-5).
17
Let p = 12149/60 - 1012/5. Let r(j) be the third derivative of 0 + p*j**4 + 5/3*j**3 + 0*j - 30*j**2. What is r(-6)?
-2
Let b(u) = -17*u**2 + 16*u - 49 - 9*u**3 + 37 + 10*u**3 + 40. Give b(16).
28
Let x(o) be the second derivative of -o**3/6 - 15*o**2/2 - 8*o. Suppose -4*s = -20, 4*n - 25 = 2*n - 5*s. Determine x(n).
-15
Let z = 13 - 15. Let b(u) be the second derivative of 1/6*u**3 - 4*u + 1/3*u**4 + u**2 + 3. Calculate b(z).
16
Let f(n) = -n**2 - 26*n - 143. Let h = 9585 + -9593. Give f(h).
1
Suppose 4*l - 4*u = 2*l, 3*l = -7*u + 6*u. Let k(b) = b**2 + 4. Give k(l).
4
Suppose -87*a = -120*a + 396. Let l(v) = 11*v - 135. What is l(a)?
-3
Let s(w) be the second derivative of 0*w**2 + 2/3*w**3 + 0 - 2*w. Let k(j) = -91*j - 1272. Let h be k(-14). Give s(h).
8
Suppose -5*g + 12 = -2*m, -3 = -5*g - m + 6. Let p(y) = g*y**3 + 7 - 4 - 9*y**2 + 6*y**2 - 2. Suppose 0 = w - n + 2, -w - 2*n + 10 = 0. Calculate p(w).
5
Suppose -23*b + 389 = -25. Let k = 15 - b. Let v(s) = -s**3 - s**2 + 3*s - 2. Calculate v(k).
7
Let m(i) = 2*i**2 + 8*i + 13. Let w(q) = -2*q**2 + 64*q - 392. Let y be w(8). Calculate m(y).
77
Let n(p) = -38*p**3 + 8*p**2 - 4*p + 7. Let o(y) = 89*y**3 - 17*y**2 + 9*y - 12. Let j(i) = 7*n(i) + 3*o(i). Calculate j(-7).
-78
Suppose 0 = i + 3, -61 = 4*r + 2*i - 51. Let z(m) = 20*m**2 + 6*m + 11. Let x(j) = 13*j**2 + 4*j + 7. Let h(y) = 8*x(y) - 5*z(y). Give h(r).
3
Let z(h) = -12*h + 26 - 9 + 31*h - 14. Let s be (-4)/18 - (56/30)/(4500/1875). Calculate z(s).
-16
Let d(p) = 20*p - 27*p + 5 - 6. Suppose -a + 2*a = 3. Suppose -a*r + 6 - 3 = 0. Calculate d(r).
-8
Let n(a) = -24*a**3 - a + 1. Suppose 0 = 6*i - i - 4*x + 433, 0 = 5*i + 4*x + 417. Let b = 86 + i. What is n(b)?
-24
Let m(h) = -59 - 40*h - 33 + 127. Calculate m(1).
-5
Let w(y) = -8*y - 10. Let t be (9/6)/((-234)/(-1560)). Give w(t).
-90
Suppose 5*v = 2*s - 19, -2*v = -2*s + 3 + 7. Let j(m) = -35*m - 111. Determine j(v).
-6
Let h(i) be the first derivative of -10*i**2 - 431*i + 2479. Calculate h(-22).
9
Let j = 53 - 50. Let y(l) = -l**3 - 32 - 14 + 42 + j*l**2. Calculate y(3).
-4
Let j(m) = 57*m - 41. Let l(r) = 42*r - 41. Let n(t) = -2*j(t) + 3*l(t). Calculate n(3).
-5
Let s be -5 + 2 + (6 - (-1 + 0)). Let y(n) = s*n - 6*n + 5*n - 4 + n**2 + 2*n**2 - n**3. Suppose -5*u - 8 - 7 = 0, 3 = 2*x + u. Give y(x).
5
Let j(q) = -3*q**2 - 109*q + 108. Suppose -384*n + 17 = 369*n - 736*n. Determine j(n).
-4
Le